site?
False
Is 218475/30 - (-1 + -2)/6 prime?
True
Let b be (-12)/9*789/(-2). Suppose -7*m + 3*m = 3*n - 524, 3*n = -2*m + b. Suppose 0 = -2*c + 2014 - n. Is c composite?
False
Let o be (0 + -1)*(3 + 12). Let c(q) = q**2 + 15*q - 7. Let p be c(o). Is (1 - 260)*(6 + p) prime?
False
Let z(h) = 181*h - 29. Let a(q) = 182*q - 29. Let x(n) = 5*a(n) - 6*z(n). Is x(-13) prime?
False
Suppose 0*z + 5*q = -2*z - 3807, -2*q + 6 = 0. Let w = -1142 - z. Is w prime?
True
Let z(p) = 2*p**3 + 13*p**2 + 5*p - 9. Let m be z(-9). Let u = -248 - m. Is u a prime number?
True
Let x be 1/6 - (-28126)/84. Suppose 0 = 4*r - x - 1293. Is r prime?
False
Let r(z) be the third derivative of 0 + 5/6*z**3 + 0*z - 5*z**2 - 1/4*z**4 + 1/30*z**5. Is r(10) a composite number?
True
Let r(d) = -2*d - 12. Let i be r(-7). Suppose -85 = -i*s + 289. Is s a prime number?
False
Let d be ((-350)/8)/((-6)/24). Let m = 378 - d. Is m a prime number?
False
Let i be (-22)/(-5) + (-6)/(-10) - 1. Suppose -2*o - 4*a + 1365 = 3*o, i*a = -20. Is o composite?
False
Is (-5)/((-40)/(-9124))*-2 composite?
False
Let p be 6/(-27) - (-492)/27. Suppose 0 = -4*y - 4*k + 640, -y - p = -5*k - 166. Is y a composite number?
True
Let d = 19 - 19. Suppose k = -d*f + f - 113, 0 = f + 5*k - 89. Is f composite?
False
Suppose 2*d - 3*r = -105, 0 = -0*r - 3*r - 9. Let v = 140 + d. Is v composite?
False
Let s(v) = -2*v - v**2 + 4*v + 3*v + 4. Let b be 252/32 + -3 + (-2)/(-16). Is s(b) a prime number?
False
Let i(g) be the third derivative of 31*g**5/30 - g**4/8 - 2*g**3/3 + 19*g**2. Is i(-3) composite?
False
Let s(k) = 11*k**3 - 10*k**2 + 102*k + 59. Is s(24) a prime number?
False
Is 21584/10 + 90/150 prime?
False
Let v be -3*(56/(-12) - -3). Let l(b) = 4*b**3 - 6*b**2 + 7*b - 5. Let y be l(v). Let a = 591 - y. Is a composite?
False
Suppose 0 = -2*l + 5*l - 12. Suppose -5*w + 714 = l*p - 3*w, -3*p + 528 = -w. Is p prime?
False
Suppose -f - 36 = -4*w, -3*f = -8*f. Suppose 2*m = -m + w. Is m a composite number?
False
Let s = 2505 - 1748. Is s a composite number?
False
Is 2*-17*(356/(-8) - 4) prime?
False
Let w be (-1 - -1)/(9 - 10). Suppose n + 4*f = -w*n - 34, 32 = -2*n + f. Let h = n - -32. Is h prime?
False
Let p be -2*(-1 - 3/2). Suppose -p*y + 5*s = 90, -y - 108 = 3*y + 5*s. Is y/(-33) + 367/3 composite?
True
Let t be 3 + (-3)/(-9)*0. Suppose -2*s - 1685 = -t*x, 4*x + s - 1715 - 539 = 0. Is x a prime number?
True
Suppose -1 - 47 = -4*c. Suppose -c = -4*m + o, -4*o + 12 = -2*m + m. Suppose -m*p + 1323 + 1265 = 0. Is p a composite number?
False
Suppose -26265 = -10*i + 7*i. Let o = 24647 - i. Is o/60 - (-8)/60 a prime number?
False
Let v(t) = t - 8. Let i be v(11). Suppose 2*p - 5*q = -2*p + 612, -478 = -i*p - q. Is p a prime number?
False
Suppose 8785 = 27*b - 22*b. Is b a composite number?
True
Suppose -4*w + 8716 = h, 3*w - h + 362 - 6892 = 0. Let q = -467 + w. Is q prime?
False
Suppose 4*k + 4171 = 4*x - 11593, -7876 = -2*x + 5*k. Is x a prime number?
True
Suppose w - 11 = -1. Suppose 4*a = -4*l - 24, 2*l + 0 = -3*a - w. Is (-6636)/l*4/6 a composite number?
True
Let u = 456 - -131. Is u prime?
True
Is (1/2)/((-1)/(-14206)) prime?
True
Suppose 0 = -4*g - 8*g + 36. Suppose g*p = 919 + 752. Is p composite?
False
Let t(z) = 8465*z**2 - 21*z + 23. Is t(1) prime?
True
Is -3*12/54*-9057 composite?
True
Let s(f) = 6*f + 40. Let i be s(-6). Suppose i*p - 261 = 95. Is p a composite number?
False
Suppose 0 = 4*k - 16, c - 10 = -4*k + 6. Suppose c = 4*d - 2*r - 2313 - 1, -3*d + 1758 = 3*r. Suppose 0 = -2*m + 53 + d. Is m a prime number?
True
Suppose -8*m - 845 = -3*m. Is (-3 - (m - 0)) + (2 - 1) a composite number?
False
Suppose 4*z = 3*z + 3*z. Suppose -2*l - 4*w - 190 = -1656, z = 3*w + 6. Is l a prime number?
False
Suppose -3*j + 15 = 0, -6*z + 159135 = -z + 2*j. Is z/45 - 6 - (-2)/(-9) a prime number?
True
Let m = 1776 + -745. Is m composite?
False
Let v = -15583 + 25202. Is v composite?
False
Let n = 8 - 2. Suppose 6 = 4*u - n. Is 75 + u/(-6)*8 composite?
False
Suppose 4*x + 2 = 22. Suppose 0 = -x*t + 8*t + 39. Is (t*1)/(12/(-36)) a composite number?
True
Let z = -88 + 278. Suppose -z - 281 = -3*k. Is k composite?
False
Let t be 2/(-3*8/36). Let u(v) = -9*v**3 - 8*v**2 - 11*v + 1. Let g(o) = -5*o**3 - 4*o**2 - 6*o + 1. Let y(h) = 7*g(h) - 4*u(h). Is y(t) prime?
False
Is (-2)/9 + 3698825/225 composite?
True
Let x be (-3916)/(-10) + 4/(-40)*6. Let k = x - 140. Is k composite?
False
Is (-8571)/(-1*(-3 - -6)) composite?
False
Let v(l) = -2 + 18 + 3 - 4*l + 2*l. Is v(-6) a composite number?
False
Let z = 3147 - 1244. Is z/15 + (-24)/(-180) a prime number?
True
Suppose -2*m + 25 = 3*v, -3*v + 50 = 5*m + 2*v. Suppose s + 0 - m = 0, 3*q + s - 278 = 0. Is q prime?
False
Let k be 10*((-27)/(-6) + -5). Is (k - (-56)/12)*-11283 a prime number?
True
Suppose -32 = -3*j - 2*x, x = 3*j - 0*x - 47. Suppose j*d - 1076 = 10*d. Is d a composite number?
False
Suppose 0 = s - 53 - 12. Suppose v - s = 14. Is v a composite number?
False
Let i = -10 + 7. Let j be 0 + 1 - (i + -111). Suppose 0 = -w + 2*w - j. Is w a prime number?
False
Let y = -115 + 111. Is 8/(y + 2) + 125 composite?
True
Is (1287/65 - 21) + (-274802)/(-10) composite?
False
Let q(c) = -2*c**3 - c**2 - 6*c - 4. Let x(m) = m**2 - 6*m + 9. Let u be x(6). Let j be (-3 + u)*(-1)/2. Is q(j) a composite number?
False
Let p = 12444 + -6185. Suppose -t + 3*c = -1262, -3*t - 2*t = 2*c - p. Is t prime?
False
Let g be 15*1473*(-10)/(-75). Suppose z - g = 1369. Is z composite?
True
Suppose 8*n + 3*d = 3*n + 9224, 2*n = 5*d + 3671. Let b = n + -1302. Is b a prime number?
True
Suppose -26*v = -17*v - 45855. Is v composite?
True
Suppose -r = 2*h - 12, h - 4*h + 18 = -5*r. Suppose 9*u - d - 1187 = h*u, -808 = -2*u + 4*d. Is u a composite number?
True
Let h(x) = x**3 - 4*x**2 + 3*x + 2. Let f be h(3). Suppose 3*g - 815 = -f*g. Is g a composite number?
False
Let v = -662 - -947. Let f = v + -201. Let h = -7 + f. Is h a prime number?
False
Suppose 9548 = 6*k + 2624. Suppose 0 = 3*b + 3*s - 1701, -k = -0*b - 2*b + 3*s. Is b a composite number?
False
Let a be (18/(-5))/(6/30). Let v = -21 - a. Is (-240)/v + 2/(-2) a prime number?
True
Suppose 0 = -2*x - 4*x + 13422. Is x composite?
False
Is ((-161556)/48)/((-2)/8) a composite number?
False
Suppose -10*v = -3*v - 91819. Is v a composite number?
True
Let q(x) = 4046*x**2 + 3*x + 2. Is q(-1) composite?
True
Suppose 0 = 3*c + u - 1258, -2*c - 2*c + 1675 = -u. Is c prime?
True
Suppose -10*h = -92063 - 72557. Is h prime?
False
Let v be 1/4 - 2295/(-20). Suppose -z + v = -604. Is z a prime number?
True
Let z be 14834/5 + 1/5. Suppose 6*h - 2547 = z. Is h composite?
False
Suppose 5*k = 178 - 883. Let d be (-2)/4 - k/(-2). Let y = d + 280. Is y prime?
False
Let d(w) = w**3 - 4*w**2 + 15*w + 87. Is d(17) prime?
True
Let s = 5 + -1. Let b be (10/s)/((-1)/(-2)). Suppose 4*q + b*a - 1067 = 0, -3*q + 777 = -0*a - 4*a. Is q prime?
True
Let f be 1 - ((-50)/4)/((-3)/6). Is 966 - ((-2)/6)/((-8)/f) a composite number?
False
Let i = -8684 + 26497. Is i a composite number?
True
Suppose 9*h - 21644 = 5*h. Is h composite?
True
Suppose -52*z + 95484 = -220208. Is z composite?
True
Let b(g) = g**3 - 6*g**2 - 6*g - 4. Let a be b(7). Suppose a*j = 4*j. Suppose 0*u - 1100 = -2*u + 2*d, -4*u + d + 2209 = j. Is u a composite number?
True
Suppose 0*l = 2*l. Let w(b) = -3 - 2 + l + 57*b. Is w(4) a composite number?
False
Let v be 5312/56 - (-1)/7. Suppose m - 54 = v. Suppose -r = d - 5*r - m, -5*r + 795 = 5*d. Is d prime?
True
Let l = 5445 + 19978. Is l a prime number?
True
Let y(a) be the third derivative of a**6/10 - a**5/15 + a**4/24 - a**3 + 14*a**2. Is y(5) composite?
False
Suppose 79531 + 46978 = 5*j - 2*a, -3*j - 4*a = -75895. Is j composite?
False
Let y(j) = 31*j**2 + j - 2. Let k be y(1). Is 503 + (-18)/10 + 24/k prime?
False
Let p(v) = 482*v**2 - 4*v - 3. Let i be p(-2). Let f = 2840 - i. Is f composite?
False
Suppose 0*t + 1071 = -9*t. Let x = 152 - t. Is x a prime number?
True
Let x = 18 + -16. Suppose x*n - 5*n + 369 = 3*y, 0 = 4*y + 3*n - 496. Is y a composite number?
False
Let j(t) = -111*t**3 + 5*t**2 + 2*t - 5. Is j(-6) a prime number?
False
Let a = -12644 - -24775. Is a a composite number?
True
Suppose q - p - 3 = 0, -2*q = -0*q + 4*p. Suppose q*f - 10 = -2